o(b) = 6*b**2 - 2*b + 1. Calculate o(3).
49
Let i(h) = 2*h - 30. Calculate i(-16).
-62
Let j(m) = -m**3 + m + 4. What is j(3)?
-20
Let u(g) = -g**2 + 7*g + 13. Give u(8).
5
Let l(r) = r**3 - 4*r**2 - 5*r - 1. Calculate l(5).
-1
Let q(x) = x**3 + 7*x**2 - 22*x + 21. Give q(-9).
57
Let n(p) = -p**3 + 5*p**2 - 4*p + 2. Calculate n(4).
2
Let m(l) = -l**2 - 7*l + 211. Determine m(12).
-17
Let h(d) = -2*d + 8. Give h(1).
6
Let t(g) = g**3 + 37*g**2 + 39*g + 103. Determine t(-36).
-5
Let q(b) = -7*b - 1. Determine q(2).
-15
Let h(l) = -2*l**2 - l - 1. What is h(-2)?
-7
Let f(n) = 2*n**2 + 21*n - 8. Give f(-11).
3
Let z(h) = -h**3 - 3*h**2 + 2*h - 3. Determine z(-4).
5
Let o(b) = -4*b - 22. Calculate o(-15).
38
Let b(f) = f**3 + 7*f**2 - 6*f - 8. Calculate b(-8).
-24
Let p(i) = 33*i - 22. Calculate p(1).
11
Let o(b) = -3*b + 3. Give o(3).
-6
Let g(b) = b**2 + 24*b + 9. What is g(-23)?
-14
Let k(t) = t**2 - 6*t - 9. Determine k(7).
-2
Let b(a) = -6*a + 7. Give b(10).
-53
Let t(v) = -8*v - 49. Calculate t(-7).
7
Let f(r) = -8*r - 33. Give f(-4).
-1
Let d(z) = -z**2 - 17*z - 20. Calculate d(-15).
10
Let z(x) = 7*x**2 - 48*x - 7. What is z(7)?
0
Let a(x) = -2*x**2 - 1. Give a(-3).
-19
Let n(l) = 13*l + 122. Calculate n(-10).
-8
Let q(h) = -3*h - 6. Calculate q(-7).
15
Let j(d) = 40*d - 45. Give j(2).
35
Let w(r) = 7*r**2 + 12*r + 4. Determine w(-4).
68
Let v(j) = j**2 + 5*j - 13. Give v(8).
91
Let v(u) = 2*u**2 + 19*u + 28. Give v(-12).
88
Let a(j) = -2*j**2 + 40*j - 43. What is a(19)?
-5
Let p(r) = -r**3 + 7*r**2 + 7*r - 12. What is p(8)?
-20
Let g(i) = -i**3 + 9*i**2 + 2*i + 9. What is g(9)?
27
Let f(m) = -m - 14. What is f(-13)?
-1
Let n(a) = -9*a - 149. What is n(-16)?
-5
Let c(d) = d**2 + 8*d - 23. Calculate c(-11).
10
Let t(v) = -9*v - 115. Determine t(-13).
2
Let t(y) = -5*y - 46. Give t(-8).
-6
Let z(x) = 10*x - 18. What is z(3)?
12
Let o(c) = -6*c + 24. What is o(3)?
6
Let v(n) = 33*n + 47. Give v(-1).
14
Let t(g) = 4*g - 16. Determine t(6).
8
Let t(g) = -g**3 - 40*g**2 - 76*g + 3. What is t(-38)?
3
Let r(n) = -2*n**3 - 7*n**2 + 2*n - 5. Calculate r(-4).
3
Let j(m) = 23*m - 1. What is j(1)?
22
Let y(c) = c**2 - 7*c + 19. Determine y(7).
19
Let p(r) = -r**2 - 9*r + 72. Give p(5).
2
Let u(r) = -r**3 - 16*r**2 - 14*r + 10. Calculate u(-15).
-5
Let a(w) = -4*w + 76. Determine a(6).
52
Let t(j) = -j**3 - 8*j**2 - 10*j - 33. Determine t(-6).
-45
Let z(o) = -o**3 - 8*o**2 + 7*o - 5. Give z(-9).
13
Let x(l) = 40*l - 688. Give x(17).
-8
Let x(a) = 2*a**3 + 9*a**2 + 3*a + 17. Calculate x(-4).
21
Let r(g) = 8*g + 87. What is r(-11)?
-1
Let x(p) = -p**3 - 7*p**2 + 4*p - 25. Give x(-8).
7
Let f(j) = -2*j**2 - 2*j + 1. Give f(2).
-11
Let u(o) = 8*o**3 - o**2 - o - 3. Give u(2).
55
Let i(f) = f**3 - f + 2. Give i(-3).
-22
Let t(f) = f**3 + 30*f**2 + 85*f - 23. What is t(-27)?
-131
Let f(o) = -o**2 - 7*o + 3. Determine f(-6).
9
Let n(t) = t - 7. Determine n(7).
0
Let q(g) = 3*g**2 - 20*g - 5. Give q(5).
-30
Let y(v) = -v**3 + 8*v**2 + 3*v - 12. Determine y(8).
12
Let s(b) = -4*b - 8. Calculate s(-8).
24
Let w(y) = y**2 - 28*y + 15. Determine w(21).
-132
Let h(v) = -6*v - 4. Give h(-6).
32
Let u(l) = l**3 - 15*l**2 - 30*l - 56. Determine u(17).
12
Let m(v) = -v + 4. Give m(2).
2
Let x(g) = 5*g + 5. What is x(-3)?
-10
Let x(a) = -5*a + 6. Calculate x(-7).
41
Let c(k) = -k - 2. What is c(-10)?
8
Let i(u) = -3*u - 18. Give i(-7).
3
Let g(d) = -d**3 - 7*d**2 + 5*d - 28. Calculate g(-8).
-4
Let k(j) = -j + 14. Give k(7).
7
Let y(j) = j**3 - 8*j**2 - 8*j + 69. What is y(7)?
-36
Let n(g) = 12*g + 5. Calculate n(2).
29
Let m(t) = -3*t**3 + 2*t. Calculate m(2).
-20
Let t(u) = 14*u**3 - 4*u**2 - 4*u + 4. Determine t(1).
10
Let a(j) = j**3 + 8*j**2 + 11*j + 4. What is a(-8)?
-84
Let y(q) = -q**3 - 7*q**2 - 8*q + 1. What is y(-6)?
13
Let w(c) = c**3 - 2*c**2 - 4*c + 6. Calculate w(2).
-2
Let l(f) = f**3 - 26*f**2 + 18*f + 34. Calculate l(25).
-141
Let y(i) = 3*i - 46. Determine y(19).
11
Let o(v) = -v**2 - 17*v + 78. Determine o(-20).
18
Let m(t) = -2*t**3 + 10*t**2 + 33*t - 38. Give m(7).
-3
Let o(c) = -15*c. Give o(2).
-30
Let k(s) = 14*s - 8. Determine k(4).
48
Let r(n) = -n**2 - 5*n - 5. What is r(-2)?
1
Let u(f) = -f**3 - 9*f**2 + 4. Calculate u(-9).
4
Let l(m) = -m**3 - 16*m**2 + 14*m - 49. Determine l(-17).
2
Let p(l) = -l**2 - l + 23. Determine p(-5).
3
Let y(k) = -k**3 - 11*k**2 - 9*k - 98. Calculate y(-11).
1
Let o(v) = -v**2 + 11*v - 14. What is o(10)?
-4
Let i(p) = 5*p + 77. Give i(-15).
2
Let h(l) = 8*l - 187. Give h(26).
21
Let i(z) = -z + 13. Calculate i(14).
-1
Let l(n) = -4*n + 19. Determine l(4).
3
Let k(s) = -s**2 + 18*s + 122. What is k(23)?
7
Let a(z) = -z - 16. Give a(-6).
-10
Let l(u) = -u**2 - 3*u + 204. Determine l(-16).
-4
Let o(c) = 2*c + 26. Give o(-13).
0
Let s(h) = 13*h + 168. Give s(-12).
12
Let y(q) = q**3 + 18*q**2 + 18*q + 7. What is y(-17)?
-10
Let x(w) = w**2 - 7*w + 9. What is x(7)?
9
Let k(w) = -w**3 + 2*w**2 + 2*w - 1. Determine k(-2).
11
Let g(i) = -4*i**2 + 31*i - 14. Give g(7).
7
Let b(h) = h**3 - 26*h**2 + 49*h - 8. Give b(24).
16
Let k(i) = i**2 + i - 56. Give k(-11).
54
Let l(k) = -k**2 - 2*k + 5. Give l(-4).
-3
Let n(h) = 7*h**2 - h - 3. Determine n(3).
57
Let i(o) = -2*o - 4. Determine i(4).
-12
Let q(b) = 68*b**3 - 2*b**2 + b + 1. Calculate q(1).
68
Let f(u) = -7*u**2 + 8*u - 7. What is f(1)?
-6
Let t(x) = -x**3 - 12*x**2 - x + 5. Calculate t(-12).
17
Let z(u) = u**2 - 4*u + 73. Give z(0).
73
Let a(i) = -2*i + 28. Calculate a(0).
28
Let c(o) = -o**2 - 13*o - 20. Calculate c(-14).
-34
Let m(c) = -c + 16. Calculate m(13).
3
Let u(h) = -19*h - 6. What is u(1)?
-25
Let m(v) = v - 17. What is m(12)?
-5
Let h(f) = -f**2 + 16*f + 16. What is h(17)?
-1
Let l(f) = 3*f**3 - f**2 - 3*f - 1. Calculate l(-1).
-2
Let z(h) = h**2 - 13*h + 37. Determine z(10).
7
Let h(j) = j**2 + 7*j + 8. Determine h(-5).
-2
Let k(w) = 3*w + 19. Calculate k(-9).
-8
Let b(i) = -i**3 + 18*i**2 - 63*i - 21. Calculate b(13).
5
Let b(y) = y**3 + 20*y**2 + 16*y - 21. Give b(-19).
36
Let c(u) = u**3 - 2*u - 3. Calculate c(0).
-3
Let c(k) = -3*k**2 + k + 9. Calculate c(-7).
-145
Let n(v) = v**3 + 24*v**2 - 21*v + 92. Calculate n(-25).
-8
Let t(c) = c**2 - 5*c - 8. What is t(9)?
28
Let j(d) = -d**3 + 7*d**2 + 14. Give j(7).
14
Let s(x) = -x**2 + 10. Give s(-4).
-6
Let g(k) = k**2 - 15*k + 29. Calculate g(13).
3
Let j(c) = -c**2 + 6*c - 8. Determine j(5).
-3
Let a(t) = t**2 + 4*t. Determine a(-5).
5
Let g(i) = i**3 + 7*i**2 - 9*i + 6. Determine g(-8).
14
Let h(w) = 2*w - 63. Calculate h(28).
-7
Let i(l) = -4*l**2 - 6*l - 14. What is i(0)?
-14
Let z(n) = -4*n + 82. Calculate z(21).
-2
Let u(z) = -z + 1. Give u(-6).
7
Let x(c) = -2*c - 11. Determine x(-8).
5
Let j(w) = -9*w. What is j(-1)?
9
Let w(r) = -38*r. What is w(1)?
-38
Let c(u) = -2*u + 40. Give c(12).
16
Let q(m) = -m**2 - 10*m - 21. What is q(-4)?
3
Let o(y) = -2*y**3 - 24*y**2 + 4*y + 25. Determine o(-12).
-23
Let h(c) = c**2 + 5*c - 10. Give h(-6).
-4
Let t(c) = c**3 + 9*c**2 + 20*c + 8. Calculate t(-6).
-4
Let d(y) = -y + 12. Give d(14).
-2
Let q(f) = f**3 + 8*f**2 + 17*f + 5. Give q(-4).
1
Let o(p) = p**3 - 4*p**2 - 4*p - 8. Give o(6).
40
Let k(n) = -n**3 + 7*n**2 + 8*n + 68. Give k(9).
-22
Let s(y) = -2*y - 2. Determine s(2).
-6
Let g(v) = 71*v + 19. What is g(-1)?
-52
Let t(o) = -10*o + 26. Determine t(7).
-44
Let t(i) = 9*i - 2. Calculate t(11).
97
Let l(s) = s**2 - 7*s + 7. Calculate l(2).
-3
Let t(p) = -p**3 + 7*p**2 + 5*p - 6. Give t(8).
-30
Let z(g) = g**2 - 5. Calculate z(4).
11
Let q(n) = -8*n**2 + n - 1. Determine q(1).
-8
Let i(m) = -5*m + 4. Calculate i(3).
-11
Let f(o) = 2*o**2 + 3*o + 6. Give f(-4).
26
Let z(l) = 24*l**2 + 9*l - 10. Give z(1).
23
Let p(d) = -2*d**2 + 3*d + 5. What is p(-5)?
-60
Let d(h) = 3*h**2 - 16*h + 5. Determine d(2).
-15
Let j(f) = f**3 - f**2 + 2. Determine j(-1).
0
Let t(h) = h**3 + 7*h**2 + 8*h + 3. Give t(-4).
19
Let h(z) = z**2 - 39*z - 272. Determine h(-6).
-2
Let k(r) = -r - 44. Determine k(0).
-44
Let n(s) = s**2 + 7*s + 3. Calculate n(-3).
-9
Let b(f) = -f**3 - f + 4. Determine b(0).
4
Let l(p) = -122*p - 482. Calculate l(-4).
6
Let y(t) = t**3 - 8*t**2 + 1. What is y(6)?
-71
Let h(c) = -c**2 - 17*c + 27. What is h(-13)?
79
Let l(j) = 3*j + 118. What is l(-3